{"id":117,"date":"2026-01-23T09:19:19","date_gmt":"2026-01-23T09:19:19","guid":{"rendered":"https:\/\/australien2026.compiworld.ch\/?page_id=117"},"modified":"2026-01-25T05:23:39","modified_gmt":"2026-01-25T05:23:39","slug":"adelaide","status":"publish","type":"page","link":"https:\/\/australien2026.compiworld.ch\/?page_id=117","title":{"rendered":"2. Adelaide"},"content":{"rendered":"\n<p>Endlich geschlafen&#8230; Wir waren schon relativ fr\u00fch wieder wach und nach einem guten Fr\u00fchst\u00fcck mit Eiern und Speck bereit Adelaide zu erkunden. <\/p>\n\n\n\n<p>Zu Fuss ging es Richtung Botanischer Garten, wo wir so einiges der australischen Flora zu Gesicht bekamen. Witzig war auch den Schwarzkopfibissen zu zusehen, wie sie immer wieder versuchten den Leuten etwas abzuluchsen. Wir sind dann Richtung Bahnhof und Regierungsgeb\u00e4ude gelaufen, aber uns zog es eher zum Shoppen in die Rundle Street. F\u00fcr mich gabs schon mal eine australische SIM Karte. Dabei wurde uns auch gleich unsere Handy&#8217;s neu eingekleidet und die Bildschirme geflickt und  gepanzert \ud83d\ude01, einen Aussie Hut f\u00fcr Claudia und noch so einiges. Der Jetlag brachte uns gegen 16.00 Uhr wieder zur\u00fcck ins Hotel und schon fr\u00fch wieder ins Bett.<\/p>\n\n\n\n<p>Schwupps war es wieder Morgen und nun wurden die Koffer wieder gepackt, denn unser Camperabenteuer sollte heute beginnen. <\/p>\n\n\n\n<figure class=\"wp-block-gallery has-nested-images columns-default is-cropped wp-block-gallery-1 is-layout-flex wp-block-gallery-is-layout-flex\">\n<figure class=\"wp-block-image size-large\"><img loading=\"lazy\" decoding=\"async\" width=\"1024\" height=\"768\" data-id=\"129\" src=\"https:\/\/australien2026.compiworld.ch\/wp-content\/uploads\/2026\/01\/1000110158-1-1024x768.jpg\" alt=\"\" class=\"wp-image-129\" srcset=\"https:\/\/australien2026.compiworld.ch\/wp-content\/uploads\/2026\/01\/1000110158-1-1024x768.jpg 1024w, https:\/\/australien2026.compiworld.ch\/wp-content\/uploads\/2026\/01\/1000110158-1-300x225.jpg 300w, https:\/\/australien2026.compiworld.ch\/wp-content\/uploads\/2026\/01\/1000110158-1-768x576.jpg 768w, https:\/\/australien2026.compiworld.ch\/wp-content\/uploads\/2026\/01\/1000110158-1-1536x1152.jpg 1536w, https:\/\/australien2026.compiworld.ch\/wp-content\/uploads\/2026\/01\/1000110158-1-2048x1536.jpg 2048w\" sizes=\"auto, (max-width: 1024px) 100vw, 1024px\" \/><\/figure>\n\n\n\n<figure class=\"wp-block-image size-large\"><img loading=\"lazy\" decoding=\"async\" width=\"1024\" height=\"768\" data-id=\"128\" src=\"https:\/\/australien2026.compiworld.ch\/wp-content\/uploads\/2026\/01\/1000110159-1-1024x768.jpg\" alt=\"\" class=\"wp-image-128\" srcset=\"https:\/\/australien2026.compiworld.ch\/wp-content\/uploads\/2026\/01\/1000110159-1-1024x768.jpg 1024w, https:\/\/australien2026.compiworld.ch\/wp-content\/uploads\/2026\/01\/1000110159-1-300x225.jpg 300w, https:\/\/australien2026.compiworld.ch\/wp-content\/uploads\/2026\/01\/1000110159-1-768x576.jpg 768w, https:\/\/australien2026.compiworld.ch\/wp-content\/uploads\/2026\/01\/1000110159-1-1536x1152.jpg 1536w, https:\/\/australien2026.compiworld.ch\/wp-content\/uploads\/2026\/01\/1000110159-1-2048x1536.jpg 2048w\" sizes=\"auto, (max-width: 1024px) 100vw, 1024px\" \/><\/figure>\n\n\n\n<figure class=\"wp-block-image size-large\"><img loading=\"lazy\" decoding=\"async\" width=\"768\" height=\"1024\" data-id=\"130\" src=\"https:\/\/australien2026.compiworld.ch\/wp-content\/uploads\/2026\/01\/1000110160-1-768x1024.jpg\" alt=\"\" class=\"wp-image-130\" srcset=\"https:\/\/australien2026.compiworld.ch\/wp-content\/uploads\/2026\/01\/1000110160-1-768x1024.jpg 768w, https:\/\/australien2026.compiworld.ch\/wp-content\/uploads\/2026\/01\/1000110160-1-225x300.jpg 225w, https:\/\/australien2026.compiworld.ch\/wp-content\/uploads\/2026\/01\/1000110160-1-1152x1536.jpg 1152w, https:\/\/australien2026.compiworld.ch\/wp-content\/uploads\/2026\/01\/1000110160-1-1536x2048.jpg 1536w, https:\/\/australien2026.compiworld.ch\/wp-content\/uploads\/2026\/01\/1000110160-1-scaled.jpg 1920w\" sizes=\"auto, (max-width: 768px) 100vw, 768px\" \/><\/figure>\n\n\n\n<figure class=\"wp-block-image size-large\"><img loading=\"lazy\" decoding=\"async\" width=\"1024\" height=\"768\" data-id=\"131\" src=\"https:\/\/australien2026.compiworld.ch\/wp-content\/uploads\/2026\/01\/1000110161-1024x768.jpg\" alt=\"\" class=\"wp-image-131\" srcset=\"https:\/\/australien2026.compiworld.ch\/wp-content\/uploads\/2026\/01\/1000110161-1024x768.jpg 1024w, https:\/\/australien2026.compiworld.ch\/wp-content\/uploads\/2026\/01\/1000110161-300x225.jpg 300w, https:\/\/australien2026.compiworld.ch\/wp-content\/uploads\/2026\/01\/1000110161-768x576.jpg 768w, https:\/\/australien2026.compiworld.ch\/wp-content\/uploads\/2026\/01\/1000110161-1536x1152.jpg 1536w, https:\/\/australien2026.compiworld.ch\/wp-content\/uploads\/2026\/01\/1000110161-2048x1536.jpg 2048w\" sizes=\"auto, (max-width: 1024px) 100vw, 1024px\" \/><\/figure>\n\n\n\n<figure class=\"wp-block-image size-large\"><img loading=\"lazy\" decoding=\"async\" width=\"768\" height=\"1024\" data-id=\"132\" src=\"https:\/\/australien2026.compiworld.ch\/wp-content\/uploads\/2026\/01\/1000110163-768x1024.jpg\" alt=\"\" class=\"wp-image-132\" srcset=\"https:\/\/australien2026.compiworld.ch\/wp-content\/uploads\/2026\/01\/1000110163-768x1024.jpg 768w, https:\/\/australien2026.compiworld.ch\/wp-content\/uploads\/2026\/01\/1000110163-225x300.jpg 225w, https:\/\/australien2026.compiworld.ch\/wp-content\/uploads\/2026\/01\/1000110163-1152x1536.jpg 1152w, https:\/\/australien2026.compiworld.ch\/wp-content\/uploads\/2026\/01\/1000110163-1536x2048.jpg 1536w, https:\/\/australien2026.compiworld.ch\/wp-content\/uploads\/2026\/01\/1000110163-scaled.jpg 1920w\" sizes=\"auto, (max-width: 768px) 100vw, 768px\" \/><\/figure>\n\n\n\n<figure class=\"wp-block-image size-large\"><img loading=\"lazy\" decoding=\"async\" width=\"768\" height=\"1024\" data-id=\"133\" src=\"https:\/\/australien2026.compiworld.ch\/wp-content\/uploads\/2026\/01\/1000110165-1-768x1024.jpg\" alt=\"\" class=\"wp-image-133\" srcset=\"https:\/\/australien2026.compiworld.ch\/wp-content\/uploads\/2026\/01\/1000110165-1-768x1024.jpg 768w, https:\/\/australien2026.compiworld.ch\/wp-content\/uploads\/2026\/01\/1000110165-1-225x300.jpg 225w, https:\/\/australien2026.compiworld.ch\/wp-content\/uploads\/2026\/01\/1000110165-1-1152x1536.jpg 1152w, https:\/\/australien2026.compiworld.ch\/wp-content\/uploads\/2026\/01\/1000110165-1-1536x2048.jpg 1536w, https:\/\/australien2026.compiworld.ch\/wp-content\/uploads\/2026\/01\/1000110165-1-scaled.jpg 1920w\" sizes=\"auto, (max-width: 768px) 100vw, 768px\" \/><\/figure>\n\n\n\n<figure class=\"wp-block-image size-large\"><img loading=\"lazy\" decoding=\"async\" width=\"1024\" height=\"768\" data-id=\"134\" src=\"https:\/\/australien2026.compiworld.ch\/wp-content\/uploads\/2026\/01\/1000110166-1-1024x768.jpg\" alt=\"\" class=\"wp-image-134\" srcset=\"https:\/\/australien2026.compiworld.ch\/wp-content\/uploads\/2026\/01\/1000110166-1-1024x768.jpg 1024w, https:\/\/australien2026.compiworld.ch\/wp-content\/uploads\/2026\/01\/1000110166-1-300x225.jpg 300w, https:\/\/australien2026.compiworld.ch\/wp-content\/uploads\/2026\/01\/1000110166-1-768x576.jpg 768w, https:\/\/australien2026.compiworld.ch\/wp-content\/uploads\/2026\/01\/1000110166-1-1536x1152.jpg 1536w, https:\/\/australien2026.compiworld.ch\/wp-content\/uploads\/2026\/01\/1000110166-1-2048x1536.jpg 2048w\" sizes=\"auto, (max-width: 1024px) 100vw, 1024px\" \/><\/figure>\n\n\n\n<figure class=\"wp-block-image size-large\"><img loading=\"lazy\" decoding=\"async\" width=\"768\" height=\"1024\" data-id=\"135\" src=\"https:\/\/australien2026.compiworld.ch\/wp-content\/uploads\/2026\/01\/1000110167-768x1024.jpg\" alt=\"\" class=\"wp-image-135\" srcset=\"https:\/\/australien2026.compiworld.ch\/wp-content\/uploads\/2026\/01\/1000110167-768x1024.jpg 768w, https:\/\/australien2026.compiworld.ch\/wp-content\/uploads\/2026\/01\/1000110167-225x300.jpg 225w, https:\/\/australien2026.compiworld.ch\/wp-content\/uploads\/2026\/01\/1000110167-1152x1536.jpg 1152w, https:\/\/australien2026.compiworld.ch\/wp-content\/uploads\/2026\/01\/1000110167-1536x2048.jpg 1536w, https:\/\/australien2026.compiworld.ch\/wp-content\/uploads\/2026\/01\/1000110167-scaled.jpg 1920w\" sizes=\"auto, (max-width: 768px) 100vw, 768px\" \/><\/figure>\n\n\n\n<figure class=\"wp-block-image size-large\"><img loading=\"lazy\" decoding=\"async\" width=\"768\" height=\"1024\" data-id=\"136\" src=\"https:\/\/australien2026.compiworld.ch\/wp-content\/uploads\/2026\/01\/1000110177-768x1024.jpg\" alt=\"\" class=\"wp-image-136\" srcset=\"https:\/\/australien2026.compiworld.ch\/wp-content\/uploads\/2026\/01\/1000110177-768x1024.jpg 768w, https:\/\/australien2026.compiworld.ch\/wp-content\/uploads\/2026\/01\/1000110177-225x300.jpg 225w, https:\/\/australien2026.compiworld.ch\/wp-content\/uploads\/2026\/01\/1000110177-1152x1536.jpg 1152w, https:\/\/australien2026.compiworld.ch\/wp-content\/uploads\/2026\/01\/1000110177-1536x2048.jpg 1536w, https:\/\/australien2026.compiworld.ch\/wp-content\/uploads\/2026\/01\/1000110177-scaled.jpg 1920w\" sizes=\"auto, (max-width: 768px) 100vw, 768px\" \/><\/figure>\n\n\n\n<figure class=\"wp-block-image size-large\"><img loading=\"lazy\" decoding=\"async\" width=\"768\" height=\"1024\" data-id=\"137\" src=\"https:\/\/australien2026.compiworld.ch\/wp-content\/uploads\/2026\/01\/1000110184-768x1024.jpg\" alt=\"\" class=\"wp-image-137\" srcset=\"https:\/\/australien2026.compiworld.ch\/wp-content\/uploads\/2026\/01\/1000110184-768x1024.jpg 768w, https:\/\/australien2026.compiworld.ch\/wp-content\/uploads\/2026\/01\/1000110184-225x300.jpg 225w, https:\/\/australien2026.compiworld.ch\/wp-content\/uploads\/2026\/01\/1000110184-1152x1536.jpg 1152w, https:\/\/australien2026.compiworld.ch\/wp-content\/uploads\/2026\/01\/1000110184-1536x2048.jpg 1536w, https:\/\/australien2026.compiworld.ch\/wp-content\/uploads\/2026\/01\/1000110184-scaled.jpg 1920w\" sizes=\"auto, (max-width: 768px) 100vw, 768px\" \/><\/figure>\n\n\n\n<figure class=\"wp-block-image size-large\"><img loading=\"lazy\" decoding=\"async\" width=\"768\" height=\"1024\" data-id=\"119\" src=\"https:\/\/australien2026.compiworld.ch\/wp-content\/uploads\/2026\/01\/1000110175-768x1024.jpg\" alt=\"\" class=\"wp-image-119\" srcset=\"https:\/\/australien2026.compiworld.ch\/wp-content\/uploads\/2026\/01\/1000110175-768x1024.jpg 768w, https:\/\/australien2026.compiworld.ch\/wp-content\/uploads\/2026\/01\/1000110175-225x300.jpg 225w, https:\/\/australien2026.compiworld.ch\/wp-content\/uploads\/2026\/01\/1000110175-1152x1536.jpg 1152w, https:\/\/australien2026.compiworld.ch\/wp-content\/uploads\/2026\/01\/1000110175-1536x2048.jpg 1536w, https:\/\/australien2026.compiworld.ch\/wp-content\/uploads\/2026\/01\/1000110175-scaled.jpg 1920w\" sizes=\"auto, (max-width: 768px) 100vw, 768px\" \/><\/figure>\n\n\n\n<figure class=\"wp-block-image size-large\"><img loading=\"lazy\" decoding=\"async\" width=\"768\" height=\"1024\" data-id=\"138\" src=\"https:\/\/australien2026.compiworld.ch\/wp-content\/uploads\/2026\/01\/1000110187-768x1024.jpg\" alt=\"\" class=\"wp-image-138\" srcset=\"https:\/\/australien2026.compiworld.ch\/wp-content\/uploads\/2026\/01\/1000110187-768x1024.jpg 768w, https:\/\/australien2026.compiworld.ch\/wp-content\/uploads\/2026\/01\/1000110187-225x300.jpg 225w, https:\/\/australien2026.compiworld.ch\/wp-content\/uploads\/2026\/01\/1000110187-1152x1536.jpg 1152w, https:\/\/australien2026.compiworld.ch\/wp-content\/uploads\/2026\/01\/1000110187-1536x2048.jpg 1536w, https:\/\/australien2026.compiworld.ch\/wp-content\/uploads\/2026\/01\/1000110187-scaled.jpg 1920w\" sizes=\"auto, (max-width: 768px) 100vw, 768px\" \/><\/figure>\n\n\n\n<figure class=\"wp-block-image size-large\"><img loading=\"lazy\" decoding=\"async\" width=\"1024\" height=\"768\" data-id=\"139\" src=\"https:\/\/australien2026.compiworld.ch\/wp-content\/uploads\/2026\/01\/1000110178-1024x768.jpg\" alt=\"\" class=\"wp-image-139\" srcset=\"https:\/\/australien2026.compiworld.ch\/wp-content\/uploads\/2026\/01\/1000110178-1024x768.jpg 1024w, https:\/\/australien2026.compiworld.ch\/wp-content\/uploads\/2026\/01\/1000110178-300x225.jpg 300w, https:\/\/australien2026.compiworld.ch\/wp-content\/uploads\/2026\/01\/1000110178-768x576.jpg 768w, https:\/\/australien2026.compiworld.ch\/wp-content\/uploads\/2026\/01\/1000110178-1536x1152.jpg 1536w, https:\/\/australien2026.compiworld.ch\/wp-content\/uploads\/2026\/01\/1000110178-2048x1536.jpg 2048w\" sizes=\"auto, (max-width: 1024px) 100vw, 1024px\" \/><\/figure>\n\n\n\n<figure class=\"wp-block-image size-large\"><img loading=\"lazy\" decoding=\"async\" width=\"1024\" height=\"768\" data-id=\"140\" src=\"https:\/\/australien2026.compiworld.ch\/wp-content\/uploads\/2026\/01\/1000110188-1-1024x768.jpg\" alt=\"\" class=\"wp-image-140\" srcset=\"https:\/\/australien2026.compiworld.ch\/wp-content\/uploads\/2026\/01\/1000110188-1-1024x768.jpg 1024w, https:\/\/australien2026.compiworld.ch\/wp-content\/uploads\/2026\/01\/1000110188-1-300x225.jpg 300w, https:\/\/australien2026.compiworld.ch\/wp-content\/uploads\/2026\/01\/1000110188-1-768x576.jpg 768w, https:\/\/australien2026.compiworld.ch\/wp-content\/uploads\/2026\/01\/1000110188-1-1536x1152.jpg 1536w, https:\/\/australien2026.compiworld.ch\/wp-content\/uploads\/2026\/01\/1000110188-1-2048x1536.jpg 2048w\" sizes=\"auto, (max-width: 1024px) 100vw, 1024px\" \/><\/figure>\n\n\n\n<figure class=\"wp-block-image size-large\"><img loading=\"lazy\" decoding=\"async\" width=\"1024\" height=\"768\" data-id=\"141\" src=\"https:\/\/australien2026.compiworld.ch\/wp-content\/uploads\/2026\/01\/1000110190-1-1024x768.jpg\" alt=\"\" class=\"wp-image-141\" srcset=\"https:\/\/australien2026.compiworld.ch\/wp-content\/uploads\/2026\/01\/1000110190-1-1024x768.jpg 1024w, https:\/\/australien2026.compiworld.ch\/wp-content\/uploads\/2026\/01\/1000110190-1-300x225.jpg 300w, https:\/\/australien2026.compiworld.ch\/wp-content\/uploads\/2026\/01\/1000110190-1-768x576.jpg 768w, https:\/\/australien2026.compiworld.ch\/wp-content\/uploads\/2026\/01\/1000110190-1-1536x1152.jpg 1536w, https:\/\/australien2026.compiworld.ch\/wp-content\/uploads\/2026\/01\/1000110190-1-2048x1536.jpg 2048w\" sizes=\"auto, (max-width: 1024px) 100vw, 1024px\" \/><\/figure>\n<\/figure>\n\n\n","protected":false},"excerpt":{"rendered":"<p>Endlich geschlafen&#8230; Wir waren schon relativ fr\u00fch wieder wach und nach einem guten Fr\u00fchst\u00fcck mit Eiern und Speck bereit Adelaide [&hellip;]<\/p>\n","protected":false},"author":2,"featured_media":0,"parent":0,"menu_order":4,"comment_status":"closed","ping_status":"closed","template":"","meta":{"site-sidebar-layout":"default","site-content-layout":"","ast-site-content-layout":"default","site-content-style":"default","site-sidebar-style":"default","ast-global-header-display":"","ast-banner-title-visibility":"","ast-main-header-display":"","ast-hfb-above-header-display":"","ast-hfb-below-header-display":"","ast-hfb-mobile-header-display":"","site-post-title":"","ast-breadcrumbs-content":"","ast-featured-img":"","footer-sml-layout":"","ast-disable-related-posts":"","theme-transparent-header-meta":"","adv-header-id-meta":"","stick-header-meta":"","header-above-stick-meta":"","header-main-stick-meta":"","header-below-stick-meta":"","astra-migrate-meta-layouts":"default","ast-page-background-enabled":"default","ast-page-background-meta":{"desktop":{"background-color":"var(--ast-global-color-5)","background-image":"","background-repeat":"repeat","background-position":"center center","background-size":"auto","background-attachment":"scroll","background-type":"","background-media":"","overlay-type":"","overlay-color":"","overlay-opacity":"","overlay-gradient":""},"tablet":{"background-color":"","background-image":"","background-repeat":"repeat","background-position":"center center","background-size":"auto","background-attachment":"scroll","background-type":"","background-media":"","overlay-type":"","overlay-color":"","overlay-opacity":"","overlay-gradient":""},"mobile":{"background-color":"","background-image":"","background-repeat":"repeat","background-position":"center center","background-size":"auto","background-attachment":"scroll","background-type":"","background-media":"","overlay-type":"","overlay-color":"","overlay-opacity":"","overlay-gradient":""}},"ast-content-background-meta":{"desktop":{"background-color":"var(--ast-global-color-4)","background-image":"","background-repeat":"repeat","background-position":"center center","background-size":"auto","background-attachment":"scroll","background-type":"","background-media":"","overlay-type":"","overlay-color":"","overlay-opacity":"","overlay-gradient":""},"tablet":{"background-color":"var(--ast-global-color-4)","background-image":"","background-repeat":"repeat","background-position":"center center","background-size":"auto","background-attachment":"scroll","background-type":"","background-media":"","overlay-type":"","overlay-color":"","overlay-opacity":"","overlay-gradient":""},"mobile":{"background-color":"var(--ast-global-color-4)","background-image":"","background-repeat":"repeat","background-position":"center center","background-size":"auto","background-attachment":"scroll","background-type":"","background-media":"","overlay-type":"","overlay-color":"","overlay-opacity":"","overlay-gradient":""}},"footnotes":""},"class_list":["post-117","page","type-page","status-publish","hentry"],"_links":{"self":[{"href":"https:\/\/australien2026.compiworld.ch\/index.php?rest_route=\/wp\/v2\/pages\/117","targetHints":{"allow":["GET"]}}],"collection":[{"href":"https:\/\/australien2026.compiworld.ch\/index.php?rest_route=\/wp\/v2\/pages"}],"about":[{"href":"https:\/\/australien2026.compiworld.ch\/index.php?rest_route=\/wp\/v2\/types\/page"}],"author":[{"embeddable":true,"href":"https:\/\/australien2026.compiworld.ch\/index.php?rest_route=\/wp\/v2\/users\/2"}],"replies":[{"embeddable":true,"href":"https:\/\/australien2026.compiworld.ch\/index.php?rest_route=%2Fwp%2Fv2%2Fcomments&post=117"}],"version-history":[{"count":4,"href":"https:\/\/australien2026.compiworld.ch\/index.php?rest_route=\/wp\/v2\/pages\/117\/revisions"}],"predecessor-version":[{"id":149,"href":"https:\/\/australien2026.compiworld.ch\/index.php?rest_route=\/wp\/v2\/pages\/117\/revisions\/149"}],"wp:attachment":[{"href":"https:\/\/australien2026.compiworld.ch\/index.php?rest_route=%2Fwp%2Fv2%2Fmedia&parent=117"}],"curies":[{"name":"wp","href":"https:\/\/api.w.org\/{rel}","templated":true}]}}